{"id":3,"date":"2025-12-23T13:39:28","date_gmt":"2025-12-23T13:39:28","guid":{"rendered":"http:\/\/kimple-fishing-cup.com\/?page_id=3"},"modified":"2026-01-22T10:45:52","modified_gmt":"2026-01-22T10:45:52","slug":"privacy-policy","status":"publish","type":"page","link":"https:\/\/kimple-fishing-cup.com\/index.php\/privacy-policy\/","title":{"rendered":"Politique de Confidentialit\u00e9"},"content":{"rendered":"\t\t<div data-elementor-type=\"wp-page\" data-elementor-id=\"3\" class=\"elementor elementor-3\" data-elementor-post-type=\"page\">\n\t\t\t\t<div class=\"elementor-element elementor-element-3dff14e1 e-flex e-con-boxed e-con e-parent\" data-id=\"3dff14e1\" data-element_type=\"container\">\n\t\t\t\t\t<div class=\"e-con-inner\">\n\t\t\t\t<div class=\"elementor-element elementor-element-74380fe elementor-widget elementor-widget-heading\" data-id=\"74380fe\" data-element_type=\"widget\" data-widget_type=\"heading.default\">\n\t\t\t\t\t<h1 class=\"elementor-heading-title elementor-size-default\">Politique de Confidentialit\u00e9<\/h1>\t\t\t\t<\/div>\n\t\t\t\t<div class=\"elementor-element elementor-element-255a678f elementor-widget elementor-widget-text-editor\" data-id=\"255a678f\" data-element_type=\"widget\" data-widget_type=\"text-editor.default\">\n\t\t\t\t\t\t\t\t\t<p style=\"color: #000000; font-size: medium; font-style: normal; font-weight: 400;\" data-start=\"289\" data-end=\"492\">La pr\u00e9sente politique de confidentialit\u00e9 a pour objectif d\u2019informer les utilisateurs du site <strong data-start=\"382\" data-end=\"404\">Kimple Fishing Cup<\/strong> sur la mani\u00e8re dont leurs donn\u00e9es personnelles sont collect\u00e9es, utilis\u00e9es et prot\u00e9g\u00e9es.<\/p>\n<h2 style=\"color: #000000; font-style: normal;\" data-start=\"494\" data-end=\"525\">1. Responsable du traitement<\/h2>\n<p style=\"color: #000000; font-size: medium; font-style: normal; font-weight: 400;\" data-start=\"527\" data-end=\"573\">Les donn\u00e9es personnelles sont collect\u00e9es par :<\/p>\n<p style=\"color: #000000; font-size: medium; font-style: normal; font-weight: 400;\" data-start=\"575\" data-end=\"651\"><strong data-start=\"575\" data-end=\"597\">Kimple Fishing Cup<\/strong><br data-start=\"597\" data-end=\"600\" \/>Email de contact : <a rel=\"noopener\" data-start=\"619\" data-end=\"649\">contact@kimple-fishing-cup.com<\/a><\/p>\n<p style=\"color: #000000; font-size: medium; font-style: normal; font-weight: 400;\" data-start=\"653\" data-end=\"738\">Le responsable du traitement est l\u2019organisateur de la comp\u00e9tition Kimple Fishing Cup.<\/p>\n<hr style=\"font-size: medium; font-style: normal; font-weight: 400;\" data-start=\"740\" data-end=\"743\" \/>\n<h2 style=\"color: #000000; font-style: normal;\" data-start=\"745\" data-end=\"782\">2. Donn\u00e9es personnelles collect\u00e9es<\/h2>\n<p style=\"color: #000000; font-size: medium; font-style: normal; font-weight: 400;\" data-start=\"784\" data-end=\"968\">Dans le cadre de l\u2019inscription \u00e0 la Kimple Fishing Cup, nous collectons uniquement les donn\u00e9es strictement n\u00e9cessaires \u00e0 l\u2019organisation et \u00e0 la conformit\u00e9 r\u00e9glementaire de l\u2019\u00e9v\u00e9nement.<\/p>\n<h3 style=\"color: #000000; font-style: normal;\" data-start=\"970\" data-end=\"1015\">Donn\u00e9es d\u2019identification des participants<\/h3>\n<ul style=\"color: #000000; font-size: medium; font-style: normal; font-weight: 400;\" data-start=\"1016\" data-end=\"1119\">\n<li data-start=\"1016\" data-end=\"1023\">\n<p data-start=\"1018\" data-end=\"1023\">Nom<\/p>\n<\/li>\n<li data-start=\"1024\" data-end=\"1034\">\n<p data-start=\"1026\" data-end=\"1034\">Pr\u00e9nom<\/p>\n<\/li>\n<li data-start=\"1035\" data-end=\"1056\">\n<p data-start=\"1037\" data-end=\"1056\">Date de naissance<\/p>\n<\/li>\n<li data-start=\"1057\" data-end=\"1076\">\n<p data-start=\"1059\" data-end=\"1076\">Adresse postale<\/p>\n<\/li>\n<li data-start=\"1077\" data-end=\"1100\">\n<p data-start=\"1079\" data-end=\"1100\">Num\u00e9ro de t\u00e9l\u00e9phone<\/p>\n<\/li>\n<li data-start=\"1101\" data-end=\"1119\">\n<p data-start=\"1103\" data-end=\"1119\">Adresse e-mail<\/p>\n<\/li>\n<\/ul>\n<h3 style=\"color: #000000; font-style: normal;\" data-start=\"1121\" data-end=\"1161\">Donn\u00e9es administratives et sportives<\/h3>\n<ul style=\"color: #000000; font-size: medium; font-style: normal; font-weight: 400;\" data-start=\"1162\" data-end=\"1247\">\n<li data-start=\"1162\" data-end=\"1191\">\n<p data-start=\"1164\" data-end=\"1191\">Num\u00e9ro de permis de p\u00eache<\/p>\n<\/li>\n<li data-start=\"1192\" data-end=\"1247\">\n<p data-start=\"1194\" data-end=\"1247\">Carte FFPS (F\u00e9d\u00e9ration Fran\u00e7aise de P\u00eache Sportive)<\/p>\n<\/li>\n<\/ul>\n<h3 style=\"color: #000000; font-style: normal;\" data-start=\"1249\" data-end=\"1276\">Donn\u00e9es li\u00e9es au bateau<\/h3>\n<ul style=\"color: #000000; font-size: medium; font-style: normal; font-weight: 400;\" data-start=\"1277\" data-end=\"1444\">\n<li data-start=\"1277\" data-end=\"1339\">\n<p data-start=\"1279\" data-end=\"1339\">Informations du bateau (mod\u00e8le, motorisation, \u00e9quipements)<\/p>\n<\/li>\n<li data-start=\"1340\" data-end=\"1357\">\n<p data-start=\"1342\" data-end=\"1357\">Permis bateau<\/p>\n<\/li>\n<li data-start=\"1358\" data-end=\"1383\">\n<p data-start=\"1360\" data-end=\"1383\">Attestation du bateau<\/p>\n<\/li>\n<li data-start=\"1384\" data-end=\"1444\">\n<p data-start=\"1386\" data-end=\"1444\">Attestation d\u2019assurance (responsabilit\u00e9 civile \/ bateau)<\/p>\n<\/li>\n<\/ul>\n<p style=\"color: #000000; font-size: medium; font-style: normal; font-weight: 400;\" data-start=\"1446\" data-end=\"1527\">Ces documents peuvent \u00eatre transmis sous forme de fichiers lors de l\u2019inscription.<\/p>\n<hr style=\"font-size: medium; font-style: normal; font-weight: 400;\" data-start=\"1529\" data-end=\"1532\" \/>\n<h2 style=\"color: #000000; font-style: normal;\" data-start=\"1534\" data-end=\"1569\">3. V\u00e9rification d\u2019identit\u00e9 (KYC)<\/h2>\n<p style=\"color: #000000; font-size: medium; font-style: normal; font-weight: 400;\" data-start=\"1571\" data-end=\"1689\">Dans certains cas, une <strong data-start=\"1594\" data-end=\"1621\">v\u00e9rification d\u2019identit\u00e9<\/strong> peut \u00eatre demand\u00e9e afin de garantir la conformit\u00e9 des inscriptions.<\/p>\n<p style=\"color: #000000; font-size: medium; font-style: normal; font-weight: 400;\" data-start=\"1691\" data-end=\"1711\"><strong data-start=\"1694\" data-end=\"1707\">Important<\/strong> :<\/p>\n<ul style=\"color: #000000; font-size: medium; font-style: normal; font-weight: 400;\" data-start=\"1712\" data-end=\"2047\">\n<li data-start=\"1712\" data-end=\"1797\">\n<p data-start=\"1714\" data-end=\"1797\">Aucune donn\u00e9e issue de la v\u00e9rification d\u2019identit\u00e9 n\u2019est stock\u00e9e sur nos serveurs.<\/p>\n<\/li>\n<li data-start=\"1798\" data-end=\"1906\">\n<p data-start=\"1800\" data-end=\"1906\">La v\u00e9rification est effectu\u00e9e exclusivement via une <strong data-start=\"1852\" data-end=\"1903\">API de v\u00e9rification d\u2019identit\u00e9 tierce s\u00e9curis\u00e9e<\/strong>.<\/p>\n<\/li>\n<li data-start=\"1907\" data-end=\"2047\">\n<p data-start=\"1909\" data-end=\"2047\">Kimple Fishing Cup ne conserve ni les documents d\u2019identit\u00e9, ni les donn\u00e9es biom\u00e9triques, ni les r\u00e9sultats d\u00e9taill\u00e9s de cette v\u00e9rification.<\/p>\n<\/li>\n<\/ul>\n<hr style=\"font-size: medium; font-style: normal; font-weight: 400;\" data-start=\"2049\" data-end=\"2052\" \/>\n<h2 style=\"color: #000000; font-style: normal;\" data-start=\"2054\" data-end=\"2095\">4. Finalit\u00e9s du traitement des donn\u00e9es<\/h2>\n<p style=\"color: #000000; font-size: medium; font-style: normal; font-weight: 400;\" data-start=\"2097\" data-end=\"2168\">Les donn\u00e9es personnelles sont collect\u00e9es pour les finalit\u00e9s suivantes :<\/p>\n<ul style=\"color: #000000; font-size: medium; font-style: normal; font-weight: 400;\" data-start=\"2169\" data-end=\"2517\">\n<li data-start=\"2169\" data-end=\"2214\">\n<p data-start=\"2171\" data-end=\"2214\">Gestion des inscriptions \u00e0 la comp\u00e9tition<\/p>\n<\/li>\n<li data-start=\"2215\" data-end=\"2265\">\n<p data-start=\"2217\" data-end=\"2265\">V\u00e9rification de l\u2019\u00e9ligibilit\u00e9 des participants<\/p>\n<\/li>\n<li data-start=\"2266\" data-end=\"2320\">\n<p data-start=\"2268\" data-end=\"2320\">Organisation logistique et sportive de l\u2019\u00e9v\u00e9nement<\/p>\n<\/li>\n<li data-start=\"2321\" data-end=\"2374\">\n<p data-start=\"2323\" data-end=\"2374\">Respect des obligations l\u00e9gales et r\u00e9glementaires<\/p>\n<\/li>\n<li data-start=\"2375\" data-end=\"2453\">\n<p data-start=\"2377\" data-end=\"2453\">Communication avec les participants avant, pendant et apr\u00e8s la comp\u00e9tition<\/p>\n<\/li>\n<li data-start=\"2454\" data-end=\"2517\">\n<p data-start=\"2456\" data-end=\"2517\">Gestion des assurances et responsabilit\u00e9s en cas d\u2019incident<\/p>\n<\/li>\n<\/ul>\n<p style=\"color: #000000; font-size: medium; font-style: normal; font-weight: 400;\" data-start=\"2519\" data-end=\"2607\">Les donn\u00e9es ne sont <strong data-start=\"2539\" data-end=\"2606\">en aucun cas utilis\u00e9es \u00e0 des fins commerciales ou publicitaires<\/strong>.<\/p>\n<hr style=\"font-size: medium; font-style: normal; font-weight: 400;\" data-start=\"2609\" data-end=\"2612\" \/>\n<h2 style=\"color: #000000; font-style: normal;\" data-start=\"2614\" data-end=\"2645\">5. Base l\u00e9gale du traitement<\/h2>\n<p style=\"color: #000000; font-size: medium; font-style: normal; font-weight: 400;\" data-start=\"2647\" data-end=\"2685\">Le traitement des donn\u00e9es repose sur :<\/p>\n<ul style=\"color: #000000; font-size: medium; font-style: normal; font-weight: 400;\" data-start=\"2686\" data-end=\"2859\">\n<li data-start=\"2686\" data-end=\"2755\">\n<p data-start=\"2688\" data-end=\"2755\">L\u2019ex\u00e9cution d\u2019un contrat (inscription \u00e0 une comp\u00e9tition sportive)<\/p>\n<\/li>\n<li data-start=\"2756\" data-end=\"2792\">\n<p data-start=\"2758\" data-end=\"2792\">Le respect d\u2019obligations l\u00e9gales<\/p>\n<\/li>\n<li data-start=\"2793\" data-end=\"2859\">\n<p data-start=\"2795\" data-end=\"2859\">Le consentement explicite du participant lors de l\u2019inscription<\/p>\n<\/li>\n<\/ul>\n<hr style=\"font-size: medium; font-style: normal; font-weight: 400;\" data-start=\"2861\" data-end=\"2864\" \/>\n<h2 style=\"color: #000000; font-style: normal;\" data-start=\"2866\" data-end=\"2905\">6. Dur\u00e9e de conservation des donn\u00e9es<\/h2>\n<p style=\"color: #000000; font-size: medium; font-style: normal; font-weight: 400;\" data-start=\"2907\" data-end=\"2949\">Les donn\u00e9es personnelles sont conserv\u00e9es :<\/p>\n<ul style=\"color: #000000; font-size: medium; font-style: normal; font-weight: 400;\" data-start=\"2950\" data-end=\"3110\">\n<li data-start=\"2950\" data-end=\"3016\">\n<p data-start=\"2952\" data-end=\"3016\">Pendant la dur\u00e9e n\u00e9cessaire \u00e0 l\u2019organisation de la comp\u00e9tition<\/p>\n<\/li>\n<li data-start=\"3017\" data-end=\"3110\">\n<p data-start=\"3019\" data-end=\"3110\">Puis archiv\u00e9es pour une dur\u00e9e maximale de <strong data-start=\"3061\" data-end=\"3070\">3 ans<\/strong> \u00e0 des fins administratives et l\u00e9gales<\/p>\n<\/li>\n<\/ul>\n<p style=\"color: #000000; font-size: medium; font-style: normal; font-weight: 400;\" data-start=\"3112\" data-end=\"3222\">Les documents sensibles (assurances, permis, attestations) sont supprim\u00e9s d\u00e8s qu\u2019ils ne sont plus n\u00e9cessaires.<\/p>\n<hr style=\"font-size: medium; font-style: normal; font-weight: 400;\" data-start=\"3224\" data-end=\"3227\" \/>\n<h2 style=\"color: #000000; font-style: normal;\" data-start=\"3229\" data-end=\"3260\">7. Destinataires des donn\u00e9es<\/h2>\n<p style=\"color: #000000; font-size: medium; font-style: normal; font-weight: 400;\" data-start=\"3262\" data-end=\"3303\">Les donn\u00e9es sont accessibles uniquement :<\/p>\n<ul style=\"color: #000000; font-size: medium; font-style: normal; font-weight: 400;\" data-start=\"3304\" data-end=\"3427\">\n<li data-start=\"3304\" data-end=\"3357\">\n<p data-start=\"3306\" data-end=\"3357\">\u00c0 l\u2019\u00e9quipe organisatrice de la Kimple Fishing Cup<\/p>\n<\/li>\n<li data-start=\"3358\" data-end=\"3427\">\n<p data-start=\"3360\" data-end=\"3427\">Aux autorit\u00e9s ou organismes comp\u00e9tents en cas d\u2019obligation l\u00e9gale<\/p>\n<\/li>\n<\/ul>\n<p style=\"color: #000000; font-size: medium; font-style: normal; font-weight: 400;\" data-start=\"3429\" data-end=\"3484\">Aucune donn\u00e9e n\u2019est vendue, lou\u00e9e ou c\u00e9d\u00e9e \u00e0 des tiers.<\/p>\n<hr style=\"font-size: medium; font-style: normal; font-weight: 400;\" data-start=\"3486\" data-end=\"3489\" \/>\n<h2 style=\"color: #000000; font-style: normal;\" data-start=\"3491\" data-end=\"3517\">8. S\u00e9curit\u00e9 des donn\u00e9es<\/h2>\n<p style=\"color: #000000; font-size: medium; font-style: normal; font-weight: 400;\" data-start=\"3519\" data-end=\"3616\">Nous mettons en \u0153uvre des mesures techniques et organisationnelles appropri\u00e9es afin de garantir :<\/p>\n<ul style=\"color: #000000; font-size: medium; font-style: normal; font-weight: 400;\" data-start=\"3617\" data-end=\"3696\">\n<li data-start=\"3617\" data-end=\"3639\">\n<p data-start=\"3619\" data-end=\"3639\">La confidentialit\u00e9<\/p>\n<\/li>\n<li data-start=\"3640\" data-end=\"3655\">\n<p data-start=\"3642\" data-end=\"3655\">L\u2019int\u00e9grit\u00e9<\/p>\n<\/li>\n<li data-start=\"3656\" data-end=\"3696\">\n<p data-start=\"3658\" data-end=\"3696\">La s\u00e9curit\u00e9 des donn\u00e9es personnelles<\/p>\n<\/li>\n<\/ul>\n<p style=\"color: #000000; font-size: medium; font-style: normal; font-weight: 400;\" data-start=\"3698\" data-end=\"3766\">L\u2019acc\u00e8s aux donn\u00e9es est strictement limit\u00e9 aux personnes habilit\u00e9es.<\/p>\n<hr style=\"font-size: medium; font-style: normal; font-weight: 400;\" data-start=\"3768\" data-end=\"3771\" \/>\n<h2 style=\"color: #000000; font-style: normal;\" data-start=\"3773\" data-end=\"3802\">9. Droits des utilisateurs<\/h2>\n<p style=\"color: #000000; font-size: medium; font-style: normal; font-weight: 400;\" data-start=\"3804\" data-end=\"3911\">Conform\u00e9ment au R\u00e8glement G\u00e9n\u00e9ral sur la Protection des Donn\u00e9es (RGPD), vous disposez des droits suivants :<\/p>\n<ul style=\"color: #000000; font-size: medium; font-style: normal; font-weight: 400;\" data-start=\"3912\" data-end=\"4097\">\n<li data-start=\"3912\" data-end=\"3943\">\n<p data-start=\"3914\" data-end=\"3943\">Droit d\u2019acc\u00e8s \u00e0 vos donn\u00e9es<\/p>\n<\/li>\n<li data-start=\"3944\" data-end=\"3970\">\n<p data-start=\"3946\" data-end=\"3970\">Droit de rectification<\/p>\n<\/li>\n<li data-start=\"3971\" data-end=\"3995\">\n<p data-start=\"3973\" data-end=\"3995\">Droit \u00e0 l\u2019effacement<\/p>\n<\/li>\n<li data-start=\"3996\" data-end=\"4035\">\n<p data-start=\"3998\" data-end=\"4035\">Droit \u00e0 la limitation du traitement<\/p>\n<\/li>\n<li data-start=\"4036\" data-end=\"4058\">\n<p data-start=\"4038\" data-end=\"4058\">Droit d\u2019opposition<\/p>\n<\/li>\n<li data-start=\"4059\" data-end=\"4097\">\n<p data-start=\"4061\" data-end=\"4097\">Droit \u00e0 la portabilit\u00e9 des donn\u00e9es<\/p>\n<\/li>\n<\/ul>\n<p style=\"color: #000000; font-size: medium; font-style: normal; font-weight: 400;\" data-start=\"4099\" data-end=\"4210\">Pour exercer vos droits, vous pouvez nous contacter \u00e0 l\u2019adresse suivante :<br data-start=\"4173\" data-end=\"4176\" \/><strong data-start=\"4176\" data-end=\"4210\"><a rel=\"noopener\" data-start=\"4178\" data-end=\"4208\">contact@kimple-fishing-cup.com<\/a><\/strong><\/p>\n<p style=\"color: #000000; font-size: medium; font-style: normal; font-weight: 400;\" data-start=\"4212\" data-end=\"4281\">Une r\u00e9ponse vous sera apport\u00e9e dans un d\u00e9lai maximum de <strong data-start=\"4268\" data-end=\"4280\">30 jours<\/strong>.<\/p>\n<hr style=\"font-size: medium; font-style: normal; font-weight: 400;\" data-start=\"4283\" data-end=\"4286\" \/>\n<h2 style=\"color: #000000; font-style: normal;\" data-start=\"4288\" data-end=\"4302\">10. Cookies<\/h2>\n<p style=\"color: #000000; font-size: medium; font-style: normal; font-weight: 400;\" data-start=\"4304\" data-end=\"4476\">Le site peut utiliser des cookies strictement n\u00e9cessaires \u00e0 son bon fonctionnement.<br data-start=\"4387\" data-end=\"4390\" \/>Aucun cookie publicitaire ou de suivi marketing n\u2019est utilis\u00e9 sans votre consentement.<\/p>\n<hr style=\"font-size: medium; font-style: normal; font-weight: 400;\" data-start=\"4478\" data-end=\"4481\" \/>\n<h2 style=\"color: #000000; font-style: normal;\" data-start=\"4483\" data-end=\"4537\">11. Modification de la politique de confidentialit\u00e9<\/h2>\n<p style=\"color: #000000; font-size: medium; font-style: normal; font-weight: 400;\" data-start=\"4539\" data-end=\"4747\">La pr\u00e9sente politique de confidentialit\u00e9 peut \u00eatre modifi\u00e9e \u00e0 tout moment afin de rester conforme \u00e0 la l\u00e9gislation en vigueur.<br data-start=\"4665\" data-end=\"4668\" \/>La version applicable est celle publi\u00e9e sur le site au moment de l\u2019utilisation.<\/p>\n<p><!-- \/wp:paragraph --><\/p>\t\t\t\t\t\t\t\t<\/div>\n\t\t\t\t\t<\/div>\n\t\t\t\t<\/div>\n\t\t\t\t<\/div>\n\t\t","protected":false},"excerpt":{"rendered":"<p>Politique de Confidentialit\u00e9 La pr\u00e9sente politique de confidentialit\u00e9 a pour objectif d\u2019informer les utilisateurs du site Kimple Fishing Cup sur [&hellip;]<\/p>\n","protected":false},"author":1,"featured_media":0,"parent":0,"menu_order":0,"comment_status":"closed","ping_status":"closed","template":"","meta":{"site-sidebar-layout":"default","site-content-layout":"","ast-site-content-layout":"default","site-content-style":"default","site-sidebar-style":"default","ast-global-header-display":"","ast-banner-title-visibility":"","ast-main-header-display":"","ast-hfb-above-header-display":"","ast-hfb-below-header-display":"","ast-hfb-mobile-header-display":"","site-post-title":"","ast-breadcrumbs-content":"","ast-featured-img":"","footer-sml-layout":"","ast-disable-related-posts":"","theme-transparent-header-meta":"","adv-header-id-meta":"","stick-header-meta":"","header-above-stick-meta":"","header-main-stick-meta":"","header-below-stick-meta":"","astra-migrate-meta-layouts":"default","ast-page-background-enabled":"default","ast-page-background-meta":{"desktop":{"background-color":"var(--ast-global-color-5)","background-image":"","background-repeat":"repeat","background-position":"center center","background-size":"auto","background-attachment":"scroll","background-type":"","background-media":"","overlay-type":"","overlay-color":"","overlay-opacity":"","overlay-gradient":""},"tablet":{"background-color":"","background-image":"","background-repeat":"repeat","background-position":"center center","background-size":"auto","background-attachment":"scroll","background-type":"","background-media":"","overlay-type":"","overlay-color":"","overlay-opacity":"","overlay-gradient":""},"mobile":{"background-color":"","background-image":"","background-repeat":"repeat","background-position":"center center","background-size":"auto","background-attachment":"scroll","background-type":"","background-media":"","overlay-type":"","overlay-color":"","overlay-opacity":"","overlay-gradient":""}},"ast-content-background-meta":{"desktop":{"background-color":"var(--ast-global-color-4)","background-image":"","background-repeat":"repeat","background-position":"center center","background-size":"auto","background-attachment":"scroll","background-type":"","background-media":"","overlay-type":"","overlay-color":"","overlay-opacity":"","overlay-gradient":""},"tablet":{"background-color":"var(--ast-global-color-4)","background-image":"","background-repeat":"repeat","background-position":"center center","background-size":"auto","background-attachment":"scroll","background-type":"","background-media":"","overlay-type":"","overlay-color":"","overlay-opacity":"","overlay-gradient":""},"mobile":{"background-color":"var(--ast-global-color-4)","background-image":"","background-repeat":"repeat","background-position":"center center","background-size":"auto","background-attachment":"scroll","background-type":"","background-media":"","overlay-type":"","overlay-color":"","overlay-opacity":"","overlay-gradient":""}},"footnotes":""},"class_list":["post-3","page","type-page","status-publish","hentry"],"jetpack_sharing_enabled":true,"_links":{"self":[{"href":"https:\/\/kimple-fishing-cup.com\/index.php\/wp-json\/wp\/v2\/pages\/3","targetHints":{"allow":["GET"]}}],"collection":[{"href":"https:\/\/kimple-fishing-cup.com\/index.php\/wp-json\/wp\/v2\/pages"}],"about":[{"href":"https:\/\/kimple-fishing-cup.com\/index.php\/wp-json\/wp\/v2\/types\/page"}],"author":[{"embeddable":true,"href":"https:\/\/kimple-fishing-cup.com\/index.php\/wp-json\/wp\/v2\/users\/1"}],"replies":[{"embeddable":true,"href":"https:\/\/kimple-fishing-cup.com\/index.php\/wp-json\/wp\/v2\/comments?post=3"}],"version-history":[{"count":14,"href":"https:\/\/kimple-fishing-cup.com\/index.php\/wp-json\/wp\/v2\/pages\/3\/revisions"}],"predecessor-version":[{"id":414,"href":"https:\/\/kimple-fishing-cup.com\/index.php\/wp-json\/wp\/v2\/pages\/3\/revisions\/414"}],"wp:attachment":[{"href":"https:\/\/kimple-fishing-cup.com\/index.php\/wp-json\/wp\/v2\/media?parent=3"}],"curies":[{"name":"wp","href":"https:\/\/api.w.org\/{rel}","templated":true}]}}