{"id":371,"date":"2026-01-21T10:57:37","date_gmt":"2026-01-21T10:57:37","guid":{"rendered":"https:\/\/kimple-fishing-cup.com\/?page_id=371"},"modified":"2026-01-22T10:49:18","modified_gmt":"2026-01-22T10:49:18","slug":"mentions-legales","status":"publish","type":"page","link":"https:\/\/kimple-fishing-cup.com\/index.php\/mentions-legales\/","title":{"rendered":"Mentions l\u00e9gales"},"content":{"rendered":"\t\t<div data-elementor-type=\"wp-page\" data-elementor-id=\"371\" class=\"elementor elementor-371\" data-elementor-post-type=\"page\">\n\t\t\t\t<div class=\"elementor-element elementor-element-a30c7e0 e-flex e-con-boxed e-con e-parent\" data-id=\"a30c7e0\" data-element_type=\"container\">\n\t\t\t\t\t<div class=\"e-con-inner\">\n\t\t\t\t<div class=\"elementor-element elementor-element-f35d4b4 elementor-widget elementor-widget-heading\" data-id=\"f35d4b4\" data-element_type=\"widget\" data-widget_type=\"heading.default\">\n\t\t\t\t\t<h1 class=\"elementor-heading-title elementor-size-default\">Mentions l\u00e9gales<\/h1>\t\t\t\t<\/div>\n\t\t\t\t<div class=\"elementor-element elementor-element-05f0a90 elementor-widget elementor-widget-text-editor\" data-id=\"05f0a90\" data-element_type=\"widget\" data-widget_type=\"text-editor.default\">\n\t\t\t\t\t\t\t\t\t<h2 style=\"color: #000000; font-style: normal;\" data-start=\"425\" data-end=\"446\">1. \u00c9diteur du site<\/h2><p style=\"color: #000000; font-size: medium; font-style: normal; font-weight: 400;\" data-start=\"448\" data-end=\"479\">Le pr\u00e9sent site est \u00e9dit\u00e9 par :<\/p><p style=\"color: #000000; font-size: medium; font-style: normal; font-weight: 400;\" data-start=\"481\" data-end=\"596\"><strong data-start=\"481\" data-end=\"503\">Kimple Fishing Cup<\/strong><br data-start=\"503\" data-end=\"506\" \/>Organisation de comp\u00e9tition de p\u00eache sportive<br data-start=\"551\" data-end=\"554\" \/>Email : <strong data-start=\"562\" data-end=\"596\"><a class=\"decorated-link cursor-pointer\" rel=\"noopener\" data-start=\"564\" data-end=\"594\">contact@kimple-fishing-cup.com<\/a><\/strong><\/p><hr style=\"font-size: medium; font-style: normal; font-weight: 400;\" data-start=\"598\" data-end=\"601\" \/><h2 style=\"color: #000000; font-style: normal;\" data-start=\"603\" data-end=\"620\">2. H\u00e9bergement<\/h2><p style=\"color: #000000; font-size: medium; font-style: normal; font-weight: 400;\" data-start=\"622\" data-end=\"647\">Le site est h\u00e9berg\u00e9 par :<\/p><p style=\"color: #000000; font-size: medium; font-style: normal; font-weight: 400;\" data-start=\"649\" data-end=\"725\"><strong data-start=\"649\" data-end=\"656\">OVH<\/strong><br data-start=\"656\" data-end=\"659\" \/>2 rue Kellermann<br data-start=\"675\" data-end=\"678\" \/>59100 Roubaix \u2013 France<br data-start=\"700\" data-end=\"703\" \/>Site web : <a class=\"decorated-link cursor-pointer\" target=\"_new\" rel=\"noopener\" data-start=\"714\" data-end=\"725\">www.ovh.com<\/a><\/p><hr style=\"font-size: medium; font-style: normal; font-weight: 400;\" data-start=\"727\" data-end=\"730\" \/><h2 style=\"color: #000000; font-style: normal;\" data-start=\"732\" data-end=\"762\">3. Propri\u00e9t\u00e9 intellectuelle<\/h2><p style=\"color: #000000; font-size: medium; font-style: normal; font-weight: 400;\" data-start=\"764\" data-end=\"957\">L\u2019ensemble des contenus pr\u00e9sents sur le site <strong data-start=\"809\" data-end=\"831\">Kimple Fishing Cup<\/strong> (textes, images, logos, graphismes, vid\u00e9os, structure du site, etc.) est prot\u00e9g\u00e9 par le droit de la propri\u00e9t\u00e9 intellectuelle.<\/p><p style=\"color: #000000; font-size: medium; font-style: normal; font-weight: 400;\" data-start=\"959\" data-end=\"1100\">Toute reproduction, repr\u00e9sentation, modification ou exploitation, totale ou partielle, sans autorisation pr\u00e9alable est strictement interdite.<\/p><hr style=\"font-size: medium; font-style: normal; font-weight: 400;\" data-start=\"1102\" data-end=\"1105\" \/><h2 style=\"color: #000000; font-style: normal;\" data-start=\"1107\" data-end=\"1127\">4. Responsabilit\u00e9<\/h2><p style=\"color: #000000; font-size: medium; font-style: normal; font-weight: 400;\" data-start=\"1129\" data-end=\"1251\">L\u2019organisateur s\u2019efforce de fournir des informations exactes et \u00e0 jour.<br data-start=\"1200\" data-end=\"1203\" \/>Toutefois, il ne saurait \u00eatre tenu responsable :<\/p><ul style=\"color: #000000; font-size: medium; font-style: normal; font-weight: 400;\" data-start=\"1252\" data-end=\"1397\"><li data-start=\"1252\" data-end=\"1295\"><p data-start=\"1254\" data-end=\"1295\">d\u2019erreurs ou omissions dans les contenus,<\/p><\/li><li data-start=\"1296\" data-end=\"1347\"><p data-start=\"1298\" data-end=\"1347\">d\u2019interruptions ou de dysfonctionnements du site,<\/p><\/li><li data-start=\"1348\" data-end=\"1397\"><p data-start=\"1350\" data-end=\"1397\">de dommages r\u00e9sultant de l\u2019utilisation du site.<\/p><\/li><\/ul><p style=\"color: #000000; font-size: medium; font-style: normal; font-weight: 400;\" data-start=\"1399\" data-end=\"1496\">La participation \u00e0 la comp\u00e9tition implique l\u2019acceptation pleine et enti\u00e8re du r\u00e8glement officiel.<\/p><hr style=\"font-size: medium; font-style: normal; font-weight: 400;\" data-start=\"1498\" data-end=\"1501\" \/><h2 style=\"color: #000000; font-style: normal;\" data-start=\"1503\" data-end=\"1529\">5. Donn\u00e9es personnelles<\/h2><p style=\"color: #000000; font-size: medium; font-style: normal; font-weight: 400;\" data-start=\"1531\" data-end=\"1668\">Les donn\u00e9es personnelles collect\u00e9es via le site sont trait\u00e9es conform\u00e9ment au <strong data-start=\"1609\" data-end=\"1667\">R\u00e8glement G\u00e9n\u00e9ral sur la Protection des Donn\u00e9es (RGPD)<\/strong>.<\/p><p style=\"color: #000000; font-size: medium; font-style: normal; font-weight: 400;\" data-start=\"1670\" data-end=\"1756\">Pour plus d\u2019informations, veuillez consulter la page <strong data-start=\"1723\" data-end=\"1755\">Politique de confidentialit\u00e9<\/strong>.<\/p><hr style=\"font-size: medium; font-style: normal; font-weight: 400;\" data-start=\"1758\" data-end=\"1761\" \/><h2 style=\"color: #000000; font-style: normal;\" data-start=\"1763\" data-end=\"1785\">6. Droit applicable<\/h2><p style=\"color: #000000; font-size: medium; font-style: normal; font-weight: 400;\" data-start=\"1787\" data-end=\"1899\">Le pr\u00e9sent site est soumis au droit fran\u00e7ais.<br data-start=\"1832\" data-end=\"1835\" \/>Tout litige rel\u00e8ve de la comp\u00e9tence des juridictions fran\u00e7aises.<\/p>\t\t\t\t\t\t\t\t<\/div>\n\t\t\t\t\t<\/div>\n\t\t\t\t<\/div>\n\t\t\t\t<\/div>\n\t\t","protected":false},"excerpt":{"rendered":"<p>Mentions l\u00e9gales 1. \u00c9diteur du site Le pr\u00e9sent site est \u00e9dit\u00e9 par : Kimple Fishing CupOrganisation de comp\u00e9tition de p\u00eache [&hellip;]<\/p>\n","protected":false},"author":1,"featured_media":0,"parent":0,"menu_order":0,"comment_status":"closed","ping_status":"closed","template":"","meta":{"site-sidebar-layout":"no-sidebar","site-content-layout":"","ast-site-content-layout":"full-width-container","site-content-style":"default","site-sidebar-style":"default","ast-global-header-display":"","ast-banner-title-visibility":"","ast-main-header-display":"","ast-hfb-above-header-display":"","ast-hfb-below-header-display":"","ast-hfb-mobile-header-display":"","site-post-title":"","ast-breadcrumbs-content":"","ast-featured-img":"disabled","footer-sml-layout":"","ast-disable-related-posts":"","theme-transparent-header-meta":"","adv-header-id-meta":"","stick-header-meta":"","header-above-stick-meta":"","header-main-stick-meta":"","header-below-stick-meta":"","astra-migrate-meta-layouts":"default","ast-page-background-enabled":"default","ast-page-background-meta":{"desktop":{"background-color":"var(--ast-global-color-5)","background-image":"","background-repeat":"repeat","background-position":"center center","background-size":"auto","background-attachment":"scroll","background-type":"","background-media":"","overlay-type":"","overlay-color":"","overlay-opacity":"","overlay-gradient":""},"tablet":{"background-color":"","background-image":"","background-repeat":"repeat","background-position":"center center","background-size":"auto","background-attachment":"scroll","background-type":"","background-media":"","overlay-type":"","overlay-color":"","overlay-opacity":"","overlay-gradient":""},"mobile":{"background-color":"","background-image":"","background-repeat":"repeat","background-position":"center center","background-size":"auto","background-attachment":"scroll","background-type":"","background-media":"","overlay-type":"","overlay-color":"","overlay-opacity":"","overlay-gradient":""}},"ast-content-background-meta":{"desktop":{"background-color":"var(--ast-global-color-4)","background-image":"","background-repeat":"repeat","background-position":"center center","background-size":"auto","background-attachment":"scroll","background-type":"","background-media":"","overlay-type":"","overlay-color":"","overlay-opacity":"","overlay-gradient":""},"tablet":{"background-color":"var(--ast-global-color-4)","background-image":"","background-repeat":"repeat","background-position":"center center","background-size":"auto","background-attachment":"scroll","background-type":"","background-media":"","overlay-type":"","overlay-color":"","overlay-opacity":"","overlay-gradient":""},"mobile":{"background-color":"var(--ast-global-color-4)","background-image":"","background-repeat":"repeat","background-position":"center center","background-size":"auto","background-attachment":"scroll","background-type":"","background-media":"","overlay-type":"","overlay-color":"","overlay-opacity":"","overlay-gradient":""}},"footnotes":""},"class_list":["post-371","page","type-page","status-publish","hentry"],"jetpack_sharing_enabled":true,"_links":{"self":[{"href":"https:\/\/kimple-fishing-cup.com\/index.php\/wp-json\/wp\/v2\/pages\/371","targetHints":{"allow":["GET"]}}],"collection":[{"href":"https:\/\/kimple-fishing-cup.com\/index.php\/wp-json\/wp\/v2\/pages"}],"about":[{"href":"https:\/\/kimple-fishing-cup.com\/index.php\/wp-json\/wp\/v2\/types\/page"}],"author":[{"embeddable":true,"href":"https:\/\/kimple-fishing-cup.com\/index.php\/wp-json\/wp\/v2\/users\/1"}],"replies":[{"embeddable":true,"href":"https:\/\/kimple-fishing-cup.com\/index.php\/wp-json\/wp\/v2\/comments?post=371"}],"version-history":[{"count":13,"href":"https:\/\/kimple-fishing-cup.com\/index.php\/wp-json\/wp\/v2\/pages\/371\/revisions"}],"predecessor-version":[{"id":423,"href":"https:\/\/kimple-fishing-cup.com\/index.php\/wp-json\/wp\/v2\/pages\/371\/revisions\/423"}],"wp:attachment":[{"href":"https:\/\/kimple-fishing-cup.com\/index.php\/wp-json\/wp\/v2\/media?parent=371"}],"curies":[{"name":"wp","href":"https:\/\/api.w.org\/{rel}","templated":true}]}}